 p(-6). Suppose -22*y + i*y - 72 = q. What is the remainder when 49 is divided by y?
13
Suppose 80050 = -3*m + 80083. Calculate the remainder when 26 is divided by m.
4
Suppose -5*w = j - 942, 3745 = -232*j + 236*j - 3*w. Calculate the remainder when j is divided by 140.
97
Let h(i) = -30*i**2 + 0 + 4 + i**3 + 28*i**2 + 11*i. Let y be h(12). Calculate the remainder when (125/20 - 6)/(2/y) is divided by 40.
37
Let o(c) = -2*c**2 + 17*c + 10. Let q be o(15). Let t = 32 - q. What is the remainder when t is divided by 18/(-15)*440/(-12)?
41
Suppose -m - 137 = -2*m. Let x = 32788 - 32774. Calculate the remainder when m is divided by x.
11
Let z(t) = -t**3 - 23*t**2 - 4*t + 17. Calculate the remainder when z(-23) is divided by (20/14)/(8 - 334/42).
19
Calculate the remainder when 169 is divided by ((-510)/12)/(1/(-2)).
84
Suppose 51129*l - 939 = 51125*l - 21*p, -5*p + 770 = 5*l. Calculate the remainder when l is divided by 7*7 - (1 + -2).
35
Let j(p) = 44*p**2 - 36*p - 1. What is the remainder when 152 is divided by j(1)?
5
Let y(q) = q**2 - 13*q - 43. Let l be ((-3)/4)/(3/(-12)). Suppose -r + 16 = l. Calculate the remainder when r is divided by y(16).
3
Suppose 0 = 5*o + 208 - 33. Let d = -14 - o. Suppose -d*b + 126 = -15*b. Calculate the remainder when b is divided by 11.
10
Let m(a) = a**3 + 8*a**2 + 9*a + 16. Let f = -16 + 9. What is the remainder when 50 is divided by m(f)?
0
Let x be (-27)/18 + (14/4 - -2). Suppose 180 = 5*o + 5*q, -2*o + 4*q + x + 38 = 0. Calculate the remainder when 111 is divided by o.
18
Let i be ((-21)/(-6))/(8/(-208)). Let h be 26/i - 4/(-14). Suppose 6*s - 318 = -h*s. What is the remainder when s is divided by 18?
17
Suppose -2*l + 23 + 19 = 0. Calculate the remainder when 20/(-40) - (-628)/8 is divided by l.
15
What is the remainder when (-9)/(-11 - (-32092)/2918) is divided by 11?
10
Let c = -47 + 52. Suppose c*y + 3 = 13. Suppose 54 = y*m + 2. Calculate the remainder when 48 is divided by m.
22
Suppose 10070 + 659576 = 12*t - 132686. What is the remainder when t is divided by 21?
18
Suppose -4*n + 2*r + 227 + 2013 = 0, 5*r + 20 = 0. What is the remainder when n is divided by 57?
45
Suppose 2*h - 21 = -3*w, -h - 2*w + 1094 = 1081. Suppose 2*x + 14 = -4*m, -2*m + 5*m = x - 13. Calculate the remainder when h is divided by x.
0
Suppose -20 = 5*r - 5*i + i, 20 = 4*i. Suppose r = -86*s + 81*s + 10. Suppose 0 = s*l + 88 - 120. What is the remainder when l is divided by 7?
2
Suppose 266*x = 277*x - 6644. Calculate the remainder when x is divided by 121.
120
Let j be (12/2)/((-38)/(-19)). Let l = -38 - -44. Calculate the remainder when 6/(-2) + ((-360)/j)/(-5) is divided by l.
3
Let g(m) = -9*m + 497. Calculate the remainder when g(32) is divided by 13.
1
Let r be (-5)/((-25)/(-1 + 6)). What is the remainder when (-2)/2*r*-73 is divided by 19?
16
Suppose 0 = 4*t - 26 - 22. Let x(c) = c**2 + 3*c - 1. Let u be x(5). Suppose 0 = u*h - 36*h - 63. Calculate the remainder when h is divided by t.
9
Let b = -231 + 397. Suppose -60 = -2*m - 4*a, -2*a - 26 - 40 = -3*m. Calculate the remainder when b is divided by m.
22
Calculate the remainder when 11662/35 + 90/(-75) is divided by 8.
4
What is the remainder when ((-14448)/32)/(-43)*(-5)/(15/(-168)) is divided by 52?
16
Suppose 4979 = 7*p + 2*f - 4, -4*f = 2*p - 1410. Let q(y) = 8*y - 2. What is the remainder when p is divided by q(2)?
13
Let u = 54 - 37. Suppose -u*m = -18*m + 4. Suppose m*s - 426 = -5*w, -5*s + 215 = 2*w + 48. What is the remainder when w is divided by 29?
28
Let l = 591 + -574. Calculate the remainder when 140 is divided by l.
4
Let g = -5672 - -5702. What is the remainder when 64 is divided by g?
4
Suppose 20*y - 23*y + 5*z = -165, 165 = 3*y + 3*z. Calculate the remainder when 175 is divided by y.
10
Suppose -5*t = -5*t - 7*t + 1022. What is the remainder when 5683 is divided by t?
135
Let w(v) be the first derivative of 443*v**4/4 - v**2 + 2*v - 20. What is the remainder when w(1) is divided by 89?
87
Suppose -n - 2 = -3*n, -n + 181 = 4*g. Let l = g - 18. Suppose -l = -5*y + 43. What is the remainder when 68 is divided by y?
12
Suppose 12*c + 3*c - 156116 = 37009. Calculate the remainder when c is divided by 137.
134
Suppose -2079*o = -1825*o - 24130. Suppose -2*z - t + 46 = 0, 3*t - 7*t = -3*z + 91. What is the remainder when o is divided by z?
20
Let x(s) = -2*s + 45. Let v be x(-22). Let z = v + -57. Suppose 0 = -3*i + z + 40. Calculate the remainder when 44 is divided by i.
20
Suppose -296*a = -398*a + 266424. What is the remainder when a is divided by 34?
28
Let u = -542 - -564. Suppose u = 2*q + 2*o, -o + 37 = 5*q - 2*o. What is the remainder when 70 is divided by q?
6
Suppose 47*z + 42*z + 1392 = 147*z. Suppose -2*s + s = -188. What is the remainder when s is divided by z?
20
Let b(r) be the third derivative of r**5/60 + 7*r**4/6 - 85*r**3/3 - 210*r**2. Calculate the remainder when 1198 is divided by b(7).
73
Suppose -6058 = 17*g + 9*g. Calculate the remainder when (-6 + 1 - -4) + 5 - g is divided by 8.
5
Let d(j) = -j - 3. Let s be ((-49)/14)/(2/4). Let m be d(s). Suppose -100 = -m*t - 0*t. Calculate the remainder when t is divided by 7.
4
Suppose -16*j = -45*j - 4*j + 28149. Calculate the remainder when j is divided by 60.
13
Suppose -111523 = -144*r + 138461. What is the remainder when r is divided by 29?
25
Let k(s) = 22*s - 17. Let o be k(1). Suppose -10 - 45 = -o*h. Calculate the remainder when 42 is divided by h.
9
Let x = -241 - -171. Let q = 277 - x. Suppose 0*h = u + 4*h - 63, -q = -5*u - 4*h. Calculate the remainder when u is divided by 18.
17
Let a(k) = 166*k - 7981. Calculate the remainder when a(49) is divided by 37.
5
Suppose i - 3 = -u - 2, 0 = 5*i + 3*u - 7. Suppose -x + 5 = -i*f, -5*x - 3*f + 10 = -4*x. Calculate the remainder when 61 is divided by x.
5
Suppose -55 = -13*n + 153. Suppose 14*s - n = 54. What is the remainder when 113 is divided by s?
3
Let o = -1160 - -1203. What is the remainder when o is divided by 13?
4
Let b = -2425 - -2437. Calculate the remainder when 884 is divided by b.
8
Suppose 113 = 2*z - z. Let b(p) be the third derivative of 3*p**4/4 + 37*p**3/2 + 423*p**2. Calculate the remainder when z is divided by b(-4).
35
Suppose -41*u + 92*u = 44*u + 5677. What is the remainder when u is divided by 29?
28
Suppose 200*c + 3465 = 585*c. Suppose l + 4*y = -14, -15 = 4*y + 1. Suppose x + l = 4*u - 2, 0 = 3*x - u - 10. Calculate the remainder when c is divided by x.
1
Suppose -6*j + 1981 = 3*r - 11*j, -2*j - 1993 = -3*r. Calculate the remainder when 1377 is divided by r.
43
Suppose 621*a - 7055 = 604*a. Suppose 16 + 14 = 5*x. Suppose a = x*c - c. What is the remainder when c is divided by 17?
15
Suppose -19*f + 275 = -8*f. Let q(v) = -v**3 + 23*v**2 + 52*v - 36. Calculate the remainder when 52 is divided by q(f).
10
Suppose 2*l - 28 - 76 = 0. Suppose l*q - 47*q - 435 = 0. Let a = -24 + 42. Calculate the remainder when q is divided by a.
15
Calculate the remainder when (46/(-69))/(-2 + (-1661)/(-831)) is divided by 294.
260
Let u(s) = 2*s - 545 + 2*s + 0*s + 618. Suppose -j = -3*d - 8, -3*j - 2*d + 84 = 5. What is the remainder when u(-8) is divided by j?
18
Suppose 600 + 635 = 25*b - 6*b. What is the remainder when 298 is divided by b?
38
Suppose 26*n - 6*n - 4394 = 7*n. Calculate the remainder when n is divided by 80.
18
Let m(d) = -3*d**2 - 23*d - 4. Let p(n) = -n**2 - 8*n - 1. Let b(a) = -2*m(a) + 7*p(a). What is the remainder when b(-7) is divided by 497/63 + (-2)/(-18)?
6
Suppose k + 8 = -3*d, 4*d + 10 = -k - 0*k. Let x(p) = 6*p**2 - 2*p + 2. What is the remainder when 115 is divided by x(d)?
25
Suppose -10009 = -37*y - 1388. Calculate the remainder when y is divided by 113.
7
Let m = 14 - -30. Suppose 3*g - m = -5*l, 0*g - 3*l - 23 = -2*g. Calculate the remainder when (-1)/(-2) + (-45)/(-2) is divided by g.
10
Suppose v = -2*v - 9. Let b be (0 - -1) + (-12)/v. Suppose 0 = -b*w - 10, z = w + 8 + 2. What is the remainder when 22 is divided by z?
6
Let j(q) = -3*q - 31. Let c be j(-9). Let z be 14/((1/2)/(c/(-8))). Suppose -4 = 5*x - z, -52 = -3*p + x. Calculate the remainder when 51 is divided by p.
15
Let q be -1*(2 + 0) - 15/(-1). Let w = q + -5. Let f = 17 - 10. Calculate the remainder when w is divided by f.
1
Let